y*d, 4*o - d - 57 = o. Calculate the remainder when 47 is divided by o.
9
Let t(o) = 3*o**2 + 27*o - 8. Let g be t(6). Let j = g + -161. Let k = j + -73. What is the remainder when 250 is divided by k?
26
Let x(p) = p**2 - 18*p + 35. Suppose -2*m - 2*m - 3*v + 58 = 0, m - 2*v - 20 = 0. What is the remainder when 22 is divided by x(m)?
1
Let f = -9291 + 9342. What is the remainder when 1235 is divided by f?
11
Let y = 199 + -204. Let r = y + 17. Calculate the remainder when 35 is divided by r.
11
What is the remainder when (2/(-8)*-463)/(5/20) is divided by 84?
43
Suppose -4677 = -13*n + 3292. Let t = -578 + n. What is the remainder when t is divided by 8?
3
Suppose 0 = 3*o - 51 - 33. Suppose 4*k + o = 88. What is the remainder when 253 is divided by k?
13
Let s be -6 + 28*(-4 + 8). Let m = 157 + s. Calculate the remainder when m is divided by 44.
43
Let n = 442 + -190. What is the remainder when 1255 is divided by n?
247
Let l(b) = -b**3 - 81*b**2 + 18*b - 5045. What is the remainder when 2434 is divided by l(-82)?
201
Let d be (13 - 31)*(-2)/4. Let i be (-185)/(-7) - d/21. Calculate the remainder when (i - 4)/(1 + 1) is divided by 6.
5
Suppose 223*i - 964 - 2260 = -325. Let k(m) = m**3 + 6*m**2 - 4*m - 1. Calculate the remainder when k(-6) is divided by i.
10
Suppose 5*u + 4*m - 2221 = 0, u - 291 - 146 = -2*m. What is the remainder when u is divided by 65?
59
Let n(p) = p - 2. Let u be n(6). Let w be (-2)/(-3 - -1) - u. What is the remainder when 5 + -1 + 18 - w is divided by 4?
1
Suppose 2*k = 3*x + 737, -x - 201 = k - 567. Let v = -287 + k. Calculate the remainder when v is divided by 34.
12
Let p be 528/(-32)*((-13)/3 + 1). Suppose 0 = 15*t - 80 - p. Calculate the remainder when 133 is divided by t.
7
Suppose 4660 = 30*c - 3665 - 8565. Calculate the remainder when c is divided by 7.
3
Let k(u) = 5*u**3 - 3*u**2 + 41*u - 133. Calculate the remainder when k(5) is divided by 76.
14
Let d(n) = -3*n - 29. What is the remainder when 1903 is divided by d(-27)?
31
Suppose 2*f - 39 = -5*v, 4*f - 8*f = -4*v - 64. Suppose 5*p = -2*z - 11 - 5, -5*p + 40 = -5*z. What is the remainder when f is divided by -1*(z - (1 - 0))?
8
Suppose 2*k = -6, 4*f - k + 3*k - 34 = 0. What is the remainder when (8 - f)/((-4011)/1335 + 3) is divided by 28?
25
Let b be 6/2*(-7)/7 + 12. Calculate the remainder when 22 - 2*12/8 is divided by (2/3)/2 + 87/b.
9
Let v = -4946 - -4981. Calculate the remainder when 486 is divided by v.
31
Let d be (-4 - 4)/(-2 - 0). Suppose -5*q - 4*n = -7, 8*q + 3*n - 6 = d*q. Suppose 2*t - 11 = -q. Calculate the remainder when 6 is divided by t.
2
Let i = -26232 + 26434. What is the remainder when i is divided by 17?
15
Let q(z) = z**3 - 150*z**2 + 1407*z - 471. Calculate the remainder when q(140) is divided by 452.
57
Let t = -419 - -582. Let w(q) = -2*q + 18. What is the remainder when t is divided by w(-9)?
19
Let z = 189 - 165. Let s(c) = -c**3 + 26*c**2 - 47*c - 14. What is the remainder when 125 is divided by s(z)?
5
Suppose 0 = 5*o - 4*c - 4691 + 1442, 5*c + 633 = o. Suppose o*g - 130 = 643*g. What is the remainder when 323 is divided by g?
11
Let r(j) = 25*j + 18. Let s(l) = -26*l - 18. Let p(m) = -4*r(m) - 3*s(m). Let a be 6*(-3)/(9/5). Calculate the remainder when p(a) is divided by 41.
38
Let t(n) = n + 1. Let x be t(1). Suppose 3*v = -x*v + 2*v. Suppose -4*l - 3*h + 10 = v, 2*l = 5*h - 2*h + 14. What is the remainder when l is divided by 3?
1
Calculate the remainder when (4*281)/(13 + 3 - (-490)/(-35)) is divided by 123.
70
Let a be -7 + (-1106)/(-21) + 2/6. Suppose a + 6 = 13*l. Suppose -16 = -l*c, 1 = -p - 0*c + 3*c. Calculate the remainder when 42 is divided by p.
9
Let d(g) = g**3 + 53*g**2 - 64*g - 355. What is the remainder when d(-54) is divided by 58?
11
Let d = 157 + 16. Let f(n) = 55*n + 1474. What is the remainder when d is divided by f(-26)?
41
Let z(h) = -h + 25. Let m be z(-10). What is the remainder when 7/(m/365) + -6 is divided by 4?
3
Let s be 9/2*(-4)/(-6). Suppose 52*v - 26*v - 3248 = -86*v. Suppose -s*o = -16 - v. What is the remainder when 26 is divided by o?
11
Suppose 3*m = 0, -c + 11699 = -45*m + 47*m. Calculate the remainder when c is divided by 13.
12
Let k = -42 + 55. Suppose -j + 17 = k. Suppose 0*c - 27 = -3*x - c, -2*x = j*c - 18. Calculate the remainder when x is divided by 5.
4
Suppose -4*s - 2*u = -570 - 830, -s + 377 = 5*u. Calculate the remainder when s is divided by 67.
12
Calculate the remainder when -12*(-7)/126 - (-21700)/21 is divided by 173.
169
Let q = -6978 - -7109. Calculate the remainder when 144 is divided by q.
13
Let s = 384 - 188. What is the remainder when s is divided by 7?
0
Let d(z) = 7*z - 1. Let i be d(-1). Suppose 0 = 3*h + 34 - 52. What is the remainder when 115 is divided by ((-116)/h)/(i/12)?
28
What is the remainder when 228 is divided by ((-8)/(-5))/(2376/270) + (-3538)/(-22)?
67
Suppose -52*l + 47*l + 125 = 0. Suppose 7*v - l = 234. Calculate the remainder when 109 is divided by v.
35
Calculate the remainder when (33 - 8845/203)/(2/(-14)) is divided by 62.
12
Let n(b) = -b**3 - 106*b**2 - 520*b - 611. What is the remainder when n(-101) is divided by 218?
32
Suppose -24*m + 207 = -33. Calculate the remainder when 685 is divided by m.
5
Let d(n) = 4*n**2 - 17*n + 51. Suppose 2*j + 5*o - 46 = 0, 4*j + 2*o - 14 = 46. What is the remainder when d(j) is divided by 85?
81
Suppose 0 = -42*t - 1320 + 36390. What is the remainder when t is divided by 203?
23
Suppose 0 = -5*q + 9*q - 8. Suppose 0 = -5*r - 6*w + q*w + 85, -r - 4*w = -1. Let u = r + 40. What is the remainder when u is divided by 21?
19
Suppose 3*h - 3*s - 23 - 1279 = 0, 3*s + 2160 = 5*h. What is the remainder when h is divided by 20?
9
Suppose 10*t - 715 - 228 = k, -28 = -4*k. Suppose -y - 3*y = -56. What is the remainder when t is divided by y?
11
Let n be 3 - 26 - (-2 - 0). Let i be ((-217)/n)/((-1)/3). Let j = i - -58. What is the remainder when j is divided by 7?
6
Suppose 0 = 13*o + 22*o - 175. Suppose 0 = -o*c + 97 + 113. Calculate the remainder when c is divided by 9.
6
Suppose 28*y - 3219 = 4966 - 1241. Calculate the remainder when 1170 is divided by y.
178
Let h(v) = v + 10. Let a be h(-15). Let j be (a/15)/((-1)/12). Suppose 2*o = 2*s - 2, -4*s = -o - 17 + j. What is the remainder when 10 is divided by o?
1
Let y be 85*5/25 + 2. Suppose -o + 18*k + 59 = y*k, -5*k - 191 = -4*o. Calculate the remainder when 430 is divided by o.
52
Let b(r) = -69*r - 2319. Let o = 13 - -58. What is the remainder when o is divided by b(-34)?
17
Let s(u) = -u**3 - 77*u**2 - 1483*u - 317. What is the remainder when s(-35) is divided by (1/2)/(2/176)?
6
Suppose -t + 4*t - 18 = 0. Let n(v) = 2 - t*v + 2*v**2 + 8*v**2 + v**2 + 4*v. Calculate the remainder when 43 is divided by n(1).
10
Suppose -408 = -24*a + 312. What is the remainder when 47 is divided by a?
17
Let o = 4456 - 4394. What is the remainder when 2301 is divided by o?
7
Let i(l) = -670*l + 4031. Let b = 46 - -17. What is the remainder when b is divided by i(6)?
8
Let o = -230 - -381. Let y = 168 - o. Calculate the remainder when 48 is divided by y.
14
Let o(v) = -v**3 - v**2 + 2*v - 40. Calculate the remainder when 188 is divided by o(-5).
38
Suppose 0 = -13*f + 14*f - 449. Calculate the remainder when f is divided by 24.
17
Suppose -73*t = -82*t - 1899. Let u = t - -352. Calculate the remainder when u is divided by 1/(-3 - 264/(-87)).
25
Suppose 0*z - 3*z = 0. Suppose 0 = -41*f + 204 - 81. Suppose z = -d - 3*d + f*j + 111, 2*d + j = 43. What is the remainder when d is divided by 9?
6
Let u = 609 + -130. Suppose u*a - 476*a - 9 = 0. What is the remainder when 19 is divided by a?
1
Calculate the remainder when 1466 is divided by (-767)/(-16) + ((-870)/(-96) - 9).
26
Suppose -s + 3*o - 5 = 0, 206*o - 205*o = -3*s + 25. Calculate the remainder when 332 is divided by s.
3
Let f = 17 - 7. Let r = 379 - 220. Suppose -3*j + 15 + r = 0. Calculate the remainder when j is divided by f.
8
Suppose -25*n = 154 - 4. Let y(z) = 9*z + 62. Calculate the remainder when y(n) is divided by 4.
0
Suppose -5*o + 225 = 4*x + 71, -5*o + 195 = 5*x. Let c be 32/(-24)*855/5. Let j = 432 + c. What is the remainder when j is divided by x?
40
Let y(t) = -50*t - 3939. Suppose 2*x = -5*q + 31, 5*q 